{"id":222,"date":"2021-04-27T23:15:45","date_gmt":"2021-04-27T21:15:45","guid":{"rendered":"http:\/\/levampyre.de\/blog\/?page_id=222"},"modified":"2024-05-25T15:57:42","modified_gmt":"2024-05-25T13:57:42","slug":"pflanzenliste","status":"publish","type":"page","link":"https:\/\/levampyre.de\/blog\/?page_id=222","title":{"rendered":"Pflanz-Chronik: Waldgarten"},"content":{"rendered":"\n<p>Im Herbst 2020 habe ich begonnen, Pioniergeh\u00f6lze, luft-stickstoffbindende Gew\u00e4chse und Wildobst in unserem Waldgarten zu pflanzen und zu s\u00e4en. Auf dieser Seite liste ich alle (gekauften) Geh\u00f6lze, die ich bereits auf dem 4638 qm gro\u00dfen Areal gepflanzt habe, in chronologischer Reihenfolge mit ID des Pflanzlabels und Pflanzdatum. Wenn wir gut sind, machen wir irgendwann eine interaktive Karte, auf der man nachschauen kann, wo im Waldgarten welche Pflanze steht. Aber das ist noch Zukunftsmusik.<\/p>\n\n\n\n<p>Wenn ihr mehr zum Waldgarten, seinen Anf\u00e4ngen, meinem Konzept und meinen Aussaat-Versuchen wissen wollt, lest den Blogartikel &#8222;<a href=\"https:\/\/levampyre.de\/blog\/?p=171\" data-type=\"link\" data-id=\"https:\/\/levampyre.de\/blog\/?p=171\">Der Waldgarten entsteht<\/a>&#8222;.<\/p>\n\n\n\n<h2 class=\"wp-block-heading\">Geh\u00f6lze im Waldgarten<\/h2>\n\n\n\n<figure class=\"wp-block-table is-style-stripes\"><table><tbody><tr><td>001 <strong>\u00b7<\/strong> 2020-09-20<\/td><td>Sanddorn &#8222;Pollmix&#8220; \u2642<\/td><\/tr><tr><td>002<\/td><td>Sanddorn &#8222;Leikora&#8220;<\/td><\/tr><tr><td>003<\/td><td>Sanddorn (nicht Sirola) \u2642<\/td><\/tr><tr><td>004<\/td><td>Sanddorn &#8222;Orange Energy&#8220;<\/td><\/tr><tr><td>005 <strong>\u00b7<\/strong> 2020-10-17<\/td><td>Kornelkirsche (Hecke)<\/td><\/tr><tr><td>006<\/td><td>Kornelkirsche (Hecke)<\/td><\/tr><tr><td>007<\/td><td>Schlehe (Hecke)<\/td><\/tr><tr><td>008<\/td><td>Schlehe (Hecke)<\/td><\/tr><tr><td>009<\/td><td>Berberitze (Hecke)<\/td><\/tr><tr><td>010<\/td><td>Berberitze (Hecke)<\/td><\/tr><tr><td>011 <strong>\u00b7<\/strong> 2021-02-27<\/td><td>Hundsrose, Hagebutte<\/td><\/tr><tr><td>012<\/td><td>Hundsrose, Hagebutte<\/td><\/tr><tr><td>013<\/td><td><s>Sanddorn &#8222;Hergo&#8220;<\/s> (<strong>\u2020<\/strong>)<\/td><\/tr><tr><td>014 <strong>\u00b7<\/strong> 2021-09-18<\/td><td><s>Hasel &#8222;Rote Zellernu\u00df&#8220;<\/s> (<strong>\u2020<\/strong>)<\/td><\/tr><tr><td><s>015<\/s><\/td><td><s>Hasel &#8222;Rote Zellernu\u00df&#8220;<\/s>  (<strong>\u2020<\/strong>)<\/td><\/tr><tr><td>016<\/td><td>Aronia prunifolia &#8222;Nero&#8220;<\/td><\/tr><tr><td>017<\/td><td>S\u00fc\u00dfkirsche &#8222;Gro\u00dfe Schwarze Knorpelkirsche&#8220;<\/td><\/tr><tr><td>018 <strong>\u00b7<\/strong> 2021-10-23<\/td><td>Apfelbaum (Wildwuchs vom Bauland)<\/td><\/tr><tr><td>019 <strong>\u00b7<\/strong> 2022-02-26<\/td><td>Wei\u00dfdorn, eingrifflig (Hecke)<\/td><\/tr><tr><td><s>020<\/s><\/td><td><s>Wei\u00dfdorn, eingrifflig (Hecke)<\/s> (<strong>\u2020<\/strong>)<\/td><\/tr><tr><td>021<\/td><td>Aronia melanocarpa &#8222;Hugin&#8220;<\/td><\/tr><tr><td>022<\/td><td>M\u00e4hrische Eberesche &#8222;Edulis&#8220;<\/td><\/tr><tr><td><s>023<\/s><\/td><td><s>Sanddorn &#8222;Sirola&#8220;<\/s> (<strong>\u2020<\/strong>)<\/td><\/tr><tr><td><s>024<\/s> <strong>\u00b7<\/strong> 2022-03-19<\/td><td><s>Kornelkirsche &#8222;Golden Glory&#8220;<\/s> (<strong>\u2020<\/strong>)<\/td><\/tr><tr><td>025<\/td><td>Mispel &#8222;Nottingham&#8220;<\/td><\/tr><tr><td>026<\/td><td>Korallen\u00f6lweide umbellata<\/td><\/tr><tr><td><s>027<\/s><\/td><td><s>Gojibeere &#8222;Turgidis&#8220;<\/s> (<strong>\u2020<\/strong>)<\/td><\/tr><tr><td>028<\/td><td>Gojibeere (Marlen)<\/td><\/tr><tr><td>029<\/td><td>Kupfer-Felsenbirne lamarckii<\/td><\/tr><tr><td>030<\/td><td>Holunder &#8222;Black Beauty&#8220;<\/td><\/tr><tr><td>031<\/td><td>Japan. Scheinquitte &#8222;Cido&#8220;<\/td><\/tr><tr><td>032<\/td><td>Zierquitte &#8222;Fusion&#8220;<\/td><\/tr><tr><td>033 <strong>\u00b7<\/strong> 2022-03-26<\/td><td>Gojibeere &#8222;No.1 Lifeberry&#8220;<\/td><\/tr><tr><td>034 <strong>\u00b7<\/strong> 2022-04-02<\/td><td>Kupfer-Felsenbirne lamarckii<\/td><\/tr><tr><td>035<\/td><td>Apfelbaum &#8222;Jonagold&#8220;<\/td><\/tr><tr><td>036<\/td><td>Hasel &#8222;Webb&#8217;s Prize Cob&#8220;<\/td><\/tr><tr><td>037 <strong>\u00b7<\/strong> 2022-05-28<\/td><td>Rotbuche (Hecke)<\/td><\/tr><tr><td>038<\/td><td>Rotbuche (Hecke)<\/td><\/tr><tr><td>039<\/td><td>Hainbuche (Hecke)<\/td><\/tr><tr><td>040<\/td><td>Hainbuche (Hecke)<\/td><\/tr><tr><td>041 <strong>\u00b7<\/strong> 2022-09-18<\/td><td>Honigbeere &#8222;Morena&#8220;<\/td><\/tr><tr><td>042<\/td><td>Honigbeere &#8222;Duett&#8220;<\/td><\/tr><tr><td>043<\/td><td>Kornelkirsche &#8222;Sch\u00f6nbrunner Gourmet Dirndl&#8220;<\/td><\/tr><tr><td>044<\/td><td>Kanadische Felsenbirne &#8222;Raibow Pillar&#8220;<\/td><\/tr><tr><td>045 <strong>\u00b7<\/strong> 2022-10-02<\/td><td>Birne &#8222;William&#8217;s Christ&#8220;<\/td><\/tr><tr><td>046 <strong>\u00b7<\/strong> 2022-10-08<\/td><td>Pflaume &#8222;Wangenheimer Fr\u00fchzwetsche&#8220;<\/td><\/tr><tr><td>047<\/td><td>Brombeere &#8222;4-Monats-Beere&#8220;<\/td><\/tr><tr><td>048 <strong>\u00b7<\/strong> 2022-10-25<\/td><td>Aronia melanocarpa &#8222;Hugin&#8220;<\/td><\/tr><tr><td>049<\/td><td>Johannisbeere &#8222;Titania&#8220;<\/td><\/tr><tr><td>050<\/td><td>Johannisbeere &#8222;Jonkheer van Tets&#8220;<\/td><\/tr><tr><td>051 <strong>\u00b7<\/strong> 2023-03-08<\/td><td>Wildrose &#8222;Rosa moyesii&#8220;<\/td><\/tr><tr><td>052<\/td><td>Bodendeckerrose &#8222;Bienenweide&#8220;<\/td><\/tr><tr><td>053 <strong>\u00b7<\/strong> 2023-03-18<\/td><td>Blutpflaume &#8222;Nigra&#8220;<\/td><\/tr><tr><td>054<\/td><td>Erbsenstrauch<\/td><\/tr><tr><td>055<\/td><td>Wildbirne<\/td><\/tr><tr><td>056<\/td><td>Reichbl\u00fctige \u00d6lweide multiflora<\/td><\/tr><tr><td>057 <strong>\u00b7<\/strong> 2023-03-19<\/td><td>Wacholder<\/td><\/tr><tr><td>058<\/td><td>Holunder &#8222;Haschberg&#8220;<\/td><\/tr><tr><td>059 <strong>\u00b7<\/strong> 2023-06-26<\/td><td>Rotdorn &#8222;Paul&#8217;s Scarlett&#8220;<\/td><\/tr><tr><td>060 <strong>\u00b7<\/strong> 2023-11-06<\/td><td>Wildkirsche, Vogelkirsche<\/td><\/tr><tr><td>061<\/td><td>Japan. Bl\u00fctenkirsche &#8222;Kanzan&#8220;<\/td><\/tr><tr><td>062 <strong>\u00b7<\/strong> 2023-11-11<\/td><td>Eberesche &#8222;Edulis&#8220;<\/td><\/tr><tr><td>063<\/td><td>Eberesche &#8222;Rosina&#8220;<\/td><\/tr><tr><td>064<\/td><td><s>Kornelkirsche, veredelt (Sorte unklar)<\/s> (<strong>\u2020<\/strong>)<\/td><\/tr><tr><td>065 <strong>\u00b7<\/strong> 2023-11-24<\/td><td>Zierapfel &#8222;Malus coccinella&#8220;<\/td><\/tr><tr><td>066 <strong>\u00b7<\/strong> 2024-03-02<\/td><td>Sanddorn &#8222;Sirola&#8220;<\/td><\/tr><tr><td>067 <\/td><td>Herzkirsche &#8222;Burlat&#8220;<\/td><\/tr><tr><td>068 <strong>\u00b7<\/strong> 2024-03-03<\/td><td>Winterkirsche &#8222;Autumnalis rosea&#8220;<\/td><\/tr><tr><td>069<\/td><td>Elsbeere<\/td><\/tr><tr><td>070<\/td><td>Elsbeere<\/td><\/tr><tr><td>071<\/td><td>Elsbeere<\/td><\/tr><tr><td>072 <strong>\u00b7<\/strong> 2024-03-08<\/td><td>Schlehe (10 St\u00fcck, wurzelnackt, a &#8211; j)<\/td><\/tr><tr><td>073 <strong>\u00b7<\/strong> 2024-04-12<\/td><td>Sommerhimbeere &#8222;Fallgold&#8220;<\/td><\/tr><tr><td>074<\/td><td>Sommerhimbeere &#8222;Glen Coe&#8220;<\/td><\/tr><tr><td>075<\/td><td>Sommerhimbeere &#8222;Golden Queen&#8220;<\/td><\/tr><tr><td>076<\/td><td>Herbsthimbeere &#8222;Enrosadira&#8220;<\/td><\/tr><tr><td>077<\/td><td>Herbsthimbeere &#8222;Autumn Bliss&#8220;<\/td><\/tr><tr><td>078<\/td><td>Sommerhimbeere &#8222;Malling Promise&#8220;<\/td><\/tr><tr><td>079 <strong>\u00b7<\/strong> 2024-04-13<\/td><td>Japan. Bl\u00fctenkirsche &#8222;Royal Burgundy&#8220;<\/td><\/tr><tr><td>080<\/td><td>Zierquitte &#8222;Scarlet Storm&#8220;<\/td><\/tr><tr><td>081<\/td><td>Gemeine Hasel<\/td><\/tr><tr><td>082 <strong>\u00b7<\/strong> 2024-04-21<\/td><td>Herbsthimbeere &#8222;Golden Everest&#8220;<\/td><\/tr><tr><td>083 <strong>\u00b7<\/strong> 2024-05-08<\/td><td>Johannisbeere &#8222;Wei\u00dfe von J\u00fcterborg&#8220;<\/td><\/tr><\/tbody><\/table><\/figure>\n\n\n\n<h2 class=\"wp-block-heading\">Mitmachen &amp; B\u00e4ume pflanzen<\/h2>\n\n\n\n<p>Wer Lust hat, sich in unserem Waldgarten zu verewigen, der kann uns gern besuchen kommen und essbare, frostharte Geh\u00f6lze zur Pflanzung im Waldgarten mitbringen. Pflanzzeit f\u00fcr wurzelnackte Geh\u00f6lze ist im Herbst und Fr\u00fchjahr. Getopfte Pflanzen kann man bei frostfreiem Boden theoretisch das ganze Jahr \u00fcber pflanzen. Praktisch tue ich das nicht, weil es bei unseren Bedingungen im Sommer ein sicheres Todesurteil f\u00fcr die Pflanze w\u00e4re. Ihr k\u00f6nnt eure mitgebrachten Geh\u00f6lze selbst pflanzen oder von uns pflanzen lassen. Oder falls ihr in eurem Leben schon immer mal einen Baum pflanzen wolltet und bisher einfach noch nicht dazu gekommen seid, k\u00f6nnt ihr uns nat\u00fcrlich auch gern bei der Pflanzung unserer Jungpflanzen im Wald helfen.<\/p>\n\n\n\n<p>Pflanzen, die mit unseren kargen Anfangs-Bedingungen gut zurechtkommen sollen, sind: Eberesche, Mehlbeere, Wacholder, Salweide, \u00d6lweiden, Erbsenstrauch, Kornelkirsche, Wei\u00dfdorne, Schlehe, Berberitze, Sanddorn, Bocksdorn und S\u00fc\u00df-Lupinen. Wer anspruchsvollere, veredelte oder sonstig wertvollere Geh\u00f6lze mitbringen m\u00f6chte, sollte sich vorher unbedingt mit mir absprechen, damit wir sicherstellen k\u00f6nnen, dass wir der Pflanze die Bedingungen, die sie braucht, \u00fcberhaupt schon bieten k\u00f6nnen.<\/p>\n\n\n\n<p>Ansonsten freuen wir uns auch immer \u00fcber Stecklinge und Saatgut. Wir tauschen auch gern Geh\u00f6lze, Stecklinge oder Saatgut und stehen ohnehin auch beim G\u00e4rtern hinter dem Open Source  und Sharing is Caring Gedanken.<\/p>\n","protected":false},"excerpt":{"rendered":"<p>Im Herbst 2020 habe ich begonnen, Pioniergeh\u00f6lze, luft-stickstoffbindende Gew\u00e4chse und Wildobst in unserem Waldgarten zu pflanzen und zu s\u00e4en. Auf dieser Seite liste ich alle (gekauften) Geh\u00f6lze, die ich bereits auf dem 4638 qm gro\u00dfen Areal gepflanzt habe, in chronologischer Reihenfolge mit ID des Pflanzlabels und Pflanzdatum. Wenn wir gut sind, machen wir irgendwann eine&#8230;<\/p>\n","protected":false},"author":2,"featured_media":0,"parent":0,"menu_order":0,"comment_status":"closed","ping_status":"closed","template":"","meta":{"footnotes":""},"class_list":["post-222","page","type-page","status-publish","hentry"],"_links":{"self":[{"href":"https:\/\/levampyre.de\/blog\/index.php?rest_route=\/wp\/v2\/pages\/222","targetHints":{"allow":["GET"]}}],"collection":[{"href":"https:\/\/levampyre.de\/blog\/index.php?rest_route=\/wp\/v2\/pages"}],"about":[{"href":"https:\/\/levampyre.de\/blog\/index.php?rest_route=\/wp\/v2\/types\/page"}],"author":[{"embeddable":true,"href":"https:\/\/levampyre.de\/blog\/index.php?rest_route=\/wp\/v2\/users\/2"}],"replies":[{"embeddable":true,"href":"https:\/\/levampyre.de\/blog\/index.php?rest_route=%2Fwp%2Fv2%2Fcomments&post=222"}],"version-history":[{"count":46,"href":"https:\/\/levampyre.de\/blog\/index.php?rest_route=\/wp\/v2\/pages\/222\/revisions"}],"predecessor-version":[{"id":406,"href":"https:\/\/levampyre.de\/blog\/index.php?rest_route=\/wp\/v2\/pages\/222\/revisions\/406"}],"wp:attachment":[{"href":"https:\/\/levampyre.de\/blog\/index.php?rest_route=%2Fwp%2Fv2%2Fmedia&parent=222"}],"curies":[{"name":"wp","href":"https:\/\/api.w.org\/{rel}","templated":true}]}}